f t?
2
Suppose 10*x = 17*x + 1750. Let f = x + 337. What is the tens digit of f?
8
Let z = 50 - 46. Suppose -4*k + 0*k = -z. What is the tens digit of 63 + 2 + 0 + 1 + k?
6
Let o(v) = v**3 + v**2 + 78. Suppose 3 + 9 = 3*m + 4*z, -5*z = 3*m - 15. What is the units digit of o(m)?
8
Suppose 90*j - 8890884 = -234*j. What is the units digit of j?
1
Let h(a) be the second derivative of -397*a**3/3 - 13*a**2 - 34*a + 1. What is the tens digit of h(-1)?
6
Suppose 5*d - 4*l = -6*l + 2, -4*l + 4 = 0. Suppose 4*i + i - 2080 = d. Suppose 7*a - 242 = i. What is the tens digit of a?
9
Suppose -s - 1 + 37 = 0. Suppose s*j - 35*j = 859. What is the hundreds digit of j?
8
Let v = -228 + 1035. Let x = -1134 + v. Let m = x + 517. What is the hundreds digit of m?
1
Let i = 249 + -238. Suppose -2*p + 316 = -p - 2*u, -4*u - 12 = 0. Suppose -16*b + p = -i*b. What is the tens digit of b?
6
Suppose 2637 = p + 3*f - 559, -5*p + 15890 = -3*f. What is the units digit of p?
1
Let y be (-17 - -19) + 200 + 0/(-1). Let j = y + -110. Suppose 0 = -2*x + j + 156. What is the tens digit of x?
2
Let s(z) = -z + 19. Let d be s(16). Let m(u) = -u**d - 2*u**3 - 7*u**2 + 5*u**3 + 9 + u - 3*u**3. What is the tens digit of m(-8)?
6
Let m(j) = -j**2 + 21*j - 36. Let n be m(19). Suppose 37*l - 4*r = 33*l + 3716, n*l - 1852 = 5*r. What is the hundreds digit of l?
9
Let s = 1122 - 728. Let v = s - 74. What is the tens digit of v?
2
Let k(i) = 36816*i - 2865. What is the hundreds digit of k(1)?
9
What is the ten thousands digit of (551830/(-11910))/((-1520)/1518 - -1)?
3
Let p(d) = -12*d**2 + 49*d - 49. Let z(x) = 3*x**2 - x + 1. Let t(o) = -p(o) - 3*z(o). What is the units digit of t(22)?
6
Suppose -16*c + 10*c + 72 = 0. Suppose -c - 8 = -4*r. What is the tens digit of (106/r - 0)/((-2)/(-10))?
0
Let m = 152 - 152. Suppose -2796 = -m*w - 12*w. What is the tens digit of w?
3
What is the hundreds digit of (-14)/245 + (-327188)/(-140)?
3
Suppose 5*y - 877 = -p, 3*p - 4*y = -9*y + 2581. Suppose -2*j = 5*i - 2109, 11*i - 9*i + 5*j = p. What is the units digit of i?
1
Let v = -252 + 253. What is the units digit of 1069/v - (2 - -3)?
4
Let v = 33862 - 6352. What is the ten thousands digit of v?
2
Let p(q) = -2. Let v(c) = -4*c - 36. Let g(y) = -6*p(y) + v(y). Let x be ((-3)/6)/(1/36). What is the tens digit of g(x)?
4
Suppose j + 91 + 31 = -2*u, -5*u = -4*j - 436. Let r = j - -414. What is the tens digit of r?
0
Let c = 320 + -68. Suppose f + f - 2*h = 160, 3*f + 3*h - c = 0. Suppose 0 = -a + 5*g + f, 4*g - 265 = -4*a + a. What is the units digit of a?
7
Suppose 0*v - 3*v = -4*a - 197, 5*v + 2*a = 363. Let l = v - -63. What is the hundreds digit of l?
1
Let o = -3440 - -6743. What is the thousands digit of o?
3
Suppose -3*f + 4*i - 20 = -5*f, 4*f + 2*i = 22. Let d be (-1)/(-2)*(f + -4). What is the units digit of 1 + 39 + 1 - d?
1
Let c(s) = -s**3 - 11*s**2 + s. Let z be c(-11). Let t(a) = 4*a**2 - 18*a + 32. What is the hundreds digit of t(z)?
7
Let m(j) be the third derivative of -j**4/6 - 8*j**3/3 - 359*j**2. Let d = 9 - 28. What is the units digit of m(d)?
0
Let w(h) = 6*h**2 - h - 1. Let j be w(4). Suppose 94*o = j*o + 21. What is the units digit of ((-775)/(-10) - o)*(-8)/(-6)?
4
Suppose -y - 32*h + 33*h = -14567, 2*y - 4*h - 29148 = 0. What is the hundreds digit of y?
5
Let l(z) = 7*z**3 + 10 - 591*z**2 + 1184*z**2 - 590*z**2 - 31*z. What is the hundreds digit of l(6)?
4
Let l be (-362)/(-14) - (-12)/84. Suppose 628 = 6*m - 602. Let b = m - l. What is the hundreds digit of b?
1
Let w(a) = a**3 - 16*a**2 - 57*a + 728. What is the tens digit of w(23)?
2
Suppose 2*q - 7 - 1 = 0. Suppose -6*r - q = -22. Suppose 0 = -5*y - 9*l + 4*l + 60, y + r = 2*l. What is the units digit of y?
7
Let f = 3826 + 18645. What is the units digit of f?
1
Let c = 195 + -107. Suppose 82*w = c*w - 8568. What is the thousands digit of w?
1
What is the ten thousands digit of 11729/(35/(-105)*(1 - 4))?
1
Let s(r) = -58*r - 6. Let o(p) = -31*p - 3. Let g(q) = 7*o(q) - 3*s(q). What is the units digit of g(-13)?
6
Let n(o) be the second derivative of o**4/3 + o**3/6 + 5*o**2 + o + 1524. Let a = 5 - 1. What is the tens digit of n(a)?
7
Let n(c) = -24*c**3 + 2*c**2 - 5*c - 26. Let a(r) = r**3 - r**2 + r + 1. Let l(k) = 6*a(k) + n(k). What is the tens digit of l(-4)?
6
Suppose 12*o = 4*o - 24703 + 85975. What is the units digit of o?
9
Suppose 0 = t + a - 35, 3*t + 0*t = 5*a + 113. Let w = 105 - t. What is the tens digit of w?
6
Let y(m) = -2*m - 278. Let b be y(0). Suppose 2*j - 3*x + 4*x + 886 = 0, -4*x + 452 = -j. Let z = b - j. What is the hundreds digit of z?
1
Let u = -21 - -2. Let l = -3960 + 4034. Let q = u + l. What is the tens digit of q?
5
Let a be (48/4)/((-391)/394 + 1). Suppose -14*y + 22*y = a. What is the units digit of y?
7
Let x be 1/2 + (-43)/(-2). Let m be (92 + 1)/(2 - x/8). Let b = m + 341. What is the tens digit of b?
1
Suppose 0*w - 4 = -w. Suppose 0 = -w*u - 2*i + 438, -u - 3*i = -4 - 118. What is the tens digit of u?
0
Suppose 0 = 3*z - 6*z + 12. Suppose z*a + 427 = -3*a. Let k = a - -137. What is the tens digit of k?
7
Suppose -12*x + 2*x + 1110 = 0. Let t = x - -18. Suppose -2*i = 5*c - 330, 2*i - t = -4*c + 133. What is the units digit of c?
8
Let z be 0/(-7 + 4)*1/(-2). Suppose r - f = 2*r, z = -5*f - 25. Suppose r*v + 5*q = 600, 2*q = -6*v + v + 597. What is the tens digit of v?
1
Let a(n) = -13*n**2 - 4*n. Let o be a(2). Let p be 8/5*o/(-8). Suppose p*x = 15*x - 66. What is the tens digit of x?
2
What is the thousands digit of 17/((-4641)/42) - (-176113)/13?
3
What is the units digit of (-3 + 2)/(11537246/1153726 - (7 - -3))?
9
Suppose 0 = 12*d - 157 - 8795. Let i = d + -267. What is the tens digit of i?
7
Let w = 11176 + -6163. What is the units digit of w?
3
Suppose 11*g = -n + 6*g - 19, 0 = n + 4*g + 14. Let u be (n/(-12))/(1/(-8)). What is the tens digit of ((-48)/(-18))/(u/48)?
3
Let w = 198 - -978. What is the hundreds digit of w?
1
Suppose -14 = -11*a + 140. What is the tens digit of (23 + -16)*344/a?
7
Let d(m) = 80*m + 20. Let s = 135 - 129. Let z be 3 - (s - 5)*(-1 - -1). What is the units digit of d(z)?
0
Suppose 0 = 3*z + 2*z + 5, h + 5*z = 171. Suppose 4*x - h = -3*o, -3*o + 4*x + 28 + 180 = 0. What is the hundreds digit of 15/(326/o + -5)?
1
Suppose -8*s + 237 = -899. Suppose 5*p = -c + s, -3*p + 4 = p. What is the units digit of c?
7
Let k = -70947 - -108662. What is the tens digit of k?
1
Suppose 0 = 5*x - 141 + 161, -5*o = 2*x - 782. Let f(h) = 16*h**2 - 2*h - 2. Let c be f(2). Let k = o - c. What is the tens digit of k?
0
Suppose 4*l + 6*l = 2*l. Let r(y) = -2*y**2 + 71. Let q be r(l). Suppose q*w - 74 = 69*w. What is the units digit of w?
7
Suppose 104*m = 204*m - 1368300. What is the tens digit of m?
8
Let q(p) = 19*p - 116. Suppose -49 = -2*b - 5*v, -b + 3*v - 15 = -45. What is the tens digit of q(b)?
9
Let y = 40 + -56. Let p be (-1 - 136/y)*(-8)/(-10). What is the units digit of (p/15*-9)/((-3)/90)?
8
Let t be (5 - 4)*(47 + -2). Let z = -38 + t. What is the units digit of z?
7
Let t = 23989 + -14154. What is the hundreds digit of t?
8
What is the units digit of (-2625408)/(-84) - ((-432)/(-84))/6?
4
Let o(r) be the second derivative of -r**4/12 + 10*r**3/3 - 16*r**2 - 95*r. What is the units digit of o(12)?
4
Let d be ((-10)/(-5))/((-2)/(-49)). Let f = d + -54. What is the units digit of f*-89*(-1)/(-5)?
9
Let j(t) = -t**2 - 11*t + 27. Let q be j(-12). Let p(b) = -b**3 + 14*b**2 + 18*b - 14. Let u be p(q). What is the tens digit of (4 - 3) + -4 + u?
2
Let f be (-6 - -2) + 1 + (-15)/(-3). Suppose f*m = -3*h + 819, h = 5 - 8. What is the tens digit of m?
1
Let y be 16/(((-3)/18)/1). Let a be 2 + 359/(-6) - (-6)/(-36). Let h = a - y. What is the tens digit of h?
3
Suppose 828*m = 823*m + 175. Let y = 1049 - m. What is the units digit of y?
4
Let y = 219 - 316. Let x(p) = p**3 - p**2 - 4*p + 15. Let t be x(6). Let f = y + t. What is the tens digit of f?
7
Suppose 179505 = 11*k - 154158. What is the tens digit of k?
3
Let s be (-1120)/(-15) - (-2)/6. Let m(g) = -3*g + 77 - s + 2*g. What is the units digit of m(-6)?
8
Let w be (-3 - 0) + 6 + 11. What is the hundreds digit of -3 - 11893/(-49) - (-4)/w?
2
Let v(h) be the first derivative of h**4/4 - 3*h**3 + 9*h**2/2 - 6*h 